12?
22222212
In base 14, what is 4a + -4928?
-48bc
In base 12, what is -1 + -5332?
-5333
In base 9, what is -3 - 45165?
-45168
In base 16, what is -1032 - -5a?
-fd8
In base 2, what is -11001101001000 - -1000?
-11001101000000
In base 2, what is -1001011100111 + -1001100?
-1001100110011
In base 5, what is -132043 + -1?
-132044
In base 7, what is -50 + 103362?
103312
In base 3, what is -221011001112 + 12?
-221011001100
In base 14, what is 0 + 623b9?
623b9
In base 3, what is -1102 - -1000122?
222020
In base 14, what is 27 + -194?
-16b
In base 3, what is -101021210110102 + -1?
-101021210110110
In base 13, what is -c2 + 102?
10
In base 14, what is -712 - -8?
-708
In base 16, what is -11ce - -5?
-11c9
In base 13, what is -1 + -79455?
-79456
In base 9, what is -303 - -12878?
12575
In base 7, what is 22 + -2131?
-2106
In base 4, what is 2003020 - -20?
2003100
In base 5, what is 13 + 2313424?
2313442
In base 12, what is 0 + 5187?
5187
In base 6, what is 10 + -34333?
-34323
In base 7, what is -100 + -1153?
-1253
In base 4, what is 1 - 100312032?
-100312031
In base 15, what is 3 + c4d9?
c4dc
In base 12, what is -5 - -498aa?
498a5
In base 10, what is -513159 - -4?
-513155
In base 14, what is 0 + -53a96?
-53a96
In base 15, what is 4b - 21a?
-1be
In base 15, what is -b07 + -11?
-b18
In base 4, what is 13001 + 201300?
220301
In base 7, what is 255 - 13?
242
In base 15, what is 2 - c242b?
-c2429
In base 15, what is 3 + 1098b?
1098e
In base 3, what is -10210 + 1220011?
1202101
In base 9, what is -268 + 2246?
1867
In base 4, what is 111 - 1300103?
-1233332
In base 10, what is 21368 + 9?
21377
In base 16, what is -988 + f?
-979
In base 10, what is 52616 - -3?
52619
In base 16, what is -24fd - e?
-250b
In base 12, what is -666 + -15?
-67b
In base 12, what is -4 + -5a3b?
-5a43
In base 14, what is -107 + -809b?
-81a4
In base 5, what is -1333222 - -1?
-1333221
In base 9, what is -3161 + 7?
-3153
In base 12, what is -129 + 83?
-66
In base 16, what is 0 - -2d988?
2d988
In base 10, what is -159265 - 5?
-159270
In base 6, what is -340414 + 1255?
-335115
In base 12, what is 4 + 28290b?
282913
In base 15, what is 7a6 - -296?
a4c
In base 7, what is 323163 + -2?
323161
In base 16, what is 11b2 - 9?
11a9
In base 15, what is 37ac5 - 5?
37ac0
In base 7, what is 130 + -14262?
-14132
In base 11, what is 138653 + 5?
138658
In base 12, what is 8206 - b?
81b7
In base 8, what is 14522 - -2?
14524
In base 5, what is -20411310 - 3?
-20411313
In base 14, what is -7962 + a?
-7956
In base 10, what is -1862 + 9?
-1853
In base 3, what is -101 - 111001?
-111102
In base 14, what is -1136 - 119?
-1251
In base 13, what is -4 - -143569?
143565
In base 12, what is -58546 + -5?
-5854b
In base 2, what is 10111010011 - 1001101101?
1101100110
In base 12, what is -38780 + 10?
-38770
In base 6, what is -1 + 1450550?
1450545
In base 14, what is -426 - 1075?
-149b
In base 4, what is 11 - -21033332?
21100003
In base 16, what is 23a20 - -4?
23a24
In base 13, what is -24b + 111a?
b9c
In base 16, what is 19da - 13?
19c7
In base 16, what is -58 + 25d?
205
In base 14, what is -1 - baa9?
-baaa
In base 5, what is 123434 + 4?
123443
In base 15, what is -1cee0 - -b?
-1ced4
In base 3, what is 10 - 101210222100?
-101210222020
In base 14, what is b7 + -1406?
-132d
In base 13, what is 1080a8 - -4?
1080ac
In base 16, what is 33d + 2c0?
5fd
In base 9, what is -177043 - 0?
-177043
In base 15, what is 7 + -2d3b8?
-2d3b1
In base 6, what is -1055 - 3415?
-4514
In base 16, what is -2e484 + 2?
-2e482
In base 4, what is -21211 - -22302?
1031
In base 9, what is -1264 - 1023?
-2287
In base 6, what is 22 + 255443?
255505
In base 6, what is 50351 + -3?
50344
In base 7, what is -2211 + 151?
-2030
In base 8, what is -24 - 30234?
-30260
In base 12, what is 7 + -507b?
-5074
In base 7, what is -343465 + 2?
-343463
In base 16, what is -1564a + -e?
-15658
In base 3, what is -22212 - -2200?
-20012
In base 6, what is -203330 + -305?
-204035
In base 13, what is 812a43 - 4?
812a3c
In base 8, what is 5104 - 630?
4254
In base 4, what is -1302133 + 13?
-1302120
In base 4, what is -233 + -111101?
-112000
In base 12, what is 7 - 1251?
-1246
In base 7, what is -4161 - 133?
-4324
In base 16, what is 48 + a3c?
a84
In base 13, what is -1 - -575c?
575b
In base 8, what is -7624 + 21?
-7603
In base 16, what is -47be + -3?
-47c1
In base 3, what is 1011 - -121200?
122211
In base 7, what is 1 - -2651302?
2651303
In base 9, what is -4176 - 65?
-4252
In base 8, what is 22 - 265711?
-265667
In base 4, what is -1021 + 1000012?
332331
In base 3, what is 112112110 - 2011?
112110022
In base 14, what is 2a69 + -7?
2a62
In base 15, what is 6a4 + 28?
6cc
In base 13, what is -880 - 10c?
-98c
In base 9, what is 380 - -1576?
2066
In base 9, what is -41 + 1876?
1835
In base 13, what is -1804 - 22?
-1826
In base 13, what is 30b0 - -4?
30b4
In base 15, what is 559 + -4c?
50c
In base 13, what is 30 + -81ab?
-817b
In base 6, what is 54244120 + -5?
54244111
In base 8, what is -6766 - 1?
-6767
In base 16, what is -1 + -fcd2c?
-fcd2d
In base 9, what is 327271 + 2?
327273
In base 10, what is 2 + -552004?
-552002
In base 13, what is -2 - -1cc79?
1cc77
In base 15, what is -3 - -12182?
1217e
In base 2, what is 1011000111111101 + -11?
1011000111111010
In base 8, what is 104222 - 34?
104166
In base 8, what is 121 + -27712?
-27571
In base 16, what is -31 + -1a?
-4b
In base 11, what is 63 - -2a996?
2aa49
In base 12, what is -a985 + 157?
-a82a
In base 15, what is -5 + d02?
cec
In base 9, what is -1235 - 0?
-1235
In base 9, what is -3 + -176044?
-176047
In base 4, what is 11 + 1213021?
1213032
In base 7, what is 13314 - 5?
13306
In base 11, what is 2 - 3870?
-3869
In base 2, what is 101 + -1111110111?
-1111110010
In base 2, what is 100000110110001110 - 111?
100000110110000111
In base 2, what is 111110011011111 + -10?
111110011011101
In base 13, what is -9 + 4c81?
4c75
In base 8, what is -254706 - 0?
-254706
In base 3, what is -202210 + -121210?
-1101120
In base 8, what is 21 - -635?
656
In base 14, what is -d77a + 3?
-d777
In base 4, what is 11013331122 + 2?
11013331130
In base 10, what is -109583 + -15?
-109598
In base 4, what is 1022 - -20331?
22013
In base 14, what is -b429 - -2b?
-b3dc
In base 15, what is -23953 - 1c?
-23970
In base 8, what is 36105 - -107?
36214
In base 12, what is -a51 + -1b?
-a70
In base 9, what is 2373 + 27?
2411
In base 10, what is 31 - 3060?
-3029
In base 5, what is 30242 + -2?
30240
In base 3, what is 1221111 + 10010?
2001121
In base 6, what is -3 - -452125?
452122
In base 7, what is 1640104 - -11?
1640115
In base 3, what is 2020102210 + 2?
2020102212
In base 2, what is 10101 + 10001000000100?
10001000011001
In base 10, what is -28320 - -1?
-28319
In base 9, what is -174 + 100?
-74
In base 8, what is 6033 + -747?
5064
In base 2, what is 10100100010100100001101 - -10?
10100100010100100001111
In base 8, what is -3057 + 515?
-2342
In base 11, what is 28 + -720a1?
-72074
In base 3, what is 122112002010 + -11?
122112001222
In base 7, what is 161 + 333?
524
In base 14, what is -184b0 - -4?
-184aa
In base 4, what is 2231321002 - 1?
2231321001
In base 10, what is -3 + -748631?
-748634
In base 16, what is 3 + -3e233?
-3e230
In base 8, what is 3 + 4136621?
4136624
In base 16, what is -26b + 21?
-24a
In base 14, what is -144c2 + -33?
-14515
In base 11, what is -580a + -288?
-5a97
In base 9, what is 5240 - 360?
4770
In base 10, what is 4 + -13198?
-13194
In base 12, what is 4b - 7943?
-78b4
In base 9, what is 24 - 337?
-313
In base 6, what is -1 + 10455101?
10455100
In base 5, what is 1214232 - -42?
1214324
In base 12, what is 1 - ab7b8?
-ab7b7
In base 15, what is -ee4 + -2?
-ee6
In base 15, what is -1370 - 88?
-1408
In base 11, what is -a + -846?
-855
In base 7, what is 1 - 562204?
-562203
In base 5, what is 1 + -2241334?
-2241333
In base 14, what is 1 - -9bcb?
9bcc
In base 7, what is 120 - 4445?
-4325
In base 5, what is 2311312 + 22?
2311334
In base 2, what is -110010101010000 + -11?
-110010101010011
In base 3, what is -12 - 222201000002?
-222201000021
In base 4, what is -32130 - 102?
-32232
In base 14, what is 12 - -39b?
3ad
In base 3, what is -111201202 + 12?
-111201120
In base 15, what is ec43 - 1?
ec42
In base 10, what is 2 + -54601?
-54599
In base 12, what is